- 3.
0
(1 - -3) + (-5 - -1) + 4
4
Evaluate -5 + (-4 - -4) + 2.
-3
What is -3 + 3 - -5 - 0?
5
Calculate 1 - (5 - (4 - -4)).
4
What is the value of -5 + (9 + -4 - 3)?
-3
21 + -19 + (4 - (2 + -1))
5
Evaluate -10 - -4 - -10 - (0 - -6).
-2
Calculate -8 + (5 + -3 - -3) + -3.
-6
Calculate -4 + (3 - (4 - 4)).
-1
What is -6 - -12 - (2 - -3 - 0)?
1
-2 + 4 + 4 + -3
3
Calculate 5 + -4 + -8 + 4.
-3
Evaluate -1 + -4 - (38 - 46).
3
Evaluate -8 + (5 - -5 - 8) - -12.
6
Calculate 2 + 0 + -1 + (77 - 78).
0
Calculate 52 - 51 - (-2 - (0 - 1)).
2
What is the value of 14 + -19 - (0 - 6)?
1
-5 + (5 - (4 + (4 - 5)))
-3
What is (-44 - -42) + (2 + -2 - -2)?
0
Evaluate -2 - (-2 - -1) - (-2 - -5).
-4
Evaluate 1 + -4 + (-6 - -4).
-5
10 - 10 - (-11 - -13)
-2
Evaluate 1 + -8 - (-3 + (-9 - -8)).
-3
What is -2 + 1 + 3 + -5?
-3
What is -7 + (6 - (2 - 9))?
6
Evaluate 4 - (0 - (-1 - -4 - 1)).
6
What is the value of 25 - 31 - (1 + (-1 - 1))?
-5
Evaluate (-5 - (3 - 5)) + 6.
3
Evaluate -10 + 9 - (-6 + -2 - -2).
5
(-1 - (1 + -6 + 3)) + 1
2
Calculate -4 + (-17 - -11) + 11.
1
Evaluate 10 + -13 - (0 + -7).
4
Calculate (4 - 3) + -11 + 5.
-5
What is the value of 2 + 0 + -9 + -8 - -7?
-8
2 + (3 - 9 - -8 - 1)
3
-4 + 3 - (0 - (4 + -2))
1
Calculate 12 + (0 - -2) + (7 - 13).
8
Calculate (-1 - -5) + 9 - 22.
-9
Calculate 2 + 0 + -2 - 0.
0
What is 1 - 2 - (1 + -5)?
3
What is 2 - 0 - (-1 + -3 + 5)?
1
What is -4 - -7 - (-1 - 1 - -2)?
3
Evaluate -21 + -6 + 3 + 14.
-10
What is the value of 34 - 39 - (-2 - 0)?
-3
(-6 - -6 - 2) + -1
-3
What is the value of (3 - (4 + -5)) + (4 - 8)?
0
Evaluate 3 + (-1 - -1 - 9).
-6
Evaluate 7 + -7 + 9 - 13.
-4
What is the value of 2 - -2 - (-1 - (-4 + -3))?
-2
What is the value of (1 - 1) + -16 + 19?
3
What is the value of 5 - (6 - (3 - -2))?
4
What is the value of (7 - -4) + (2 - 8)?
5
What is the value of -4 + (1 - -2) + -2 - 1?
-4
Calculate (-7 - (-6 + -2 + 3)) + 5.
3
What is the value of 11 + (14 - 12) + 2 + -8?
7
What is the value of (2 - 2) + -1 - -6?
5
-20 + 16 - (1 + -2)
-3
Calculate 0 + (6 + -5 + -5 - -4).
0
What is the value of 0 + -1 + 12 + -16?
-5
What is the value of 3 + -6 + 24 + -13?
8
What is the value of (-2 - 2) + 18 + -12?
2
-2 - (-3 + (1 - -2 - 4))
2
What is the value of (6 - 7) + (8 + -4 - 6)?
-3
What is the value of (-16 - -6) + 5 + 6?
1
What is 2 + -2 + -3 + 2 + -1?
-2
What is 5 - (5 + -7 - -2)?
5
-7 - 0 - (-3 + 1 + 0)
-5
Evaluate -4 - ((-1 - -1) + 23 + -30).
3
Calculate -3 + 8 + -10 + -1 + 4.
-2
What is -5 + (6 - 14 - -8)?
-5
Calculate 2 + (-2 - (0 + -4)).
4
What is 3 - (1 + -2 + 2)?
2
6 + (-8 + 7 - 5)
0
What is 3 - (-12 - (7 + -18))?
4
What is -1 + (-2 - 6) + 5?
-4
Evaluate 3 - (2 + (1 - 1 - 3)).
4
Evaluate 20 - 13 - (0 + 0 - -4).
3
What is the value of -186 - -186 - (0 - -7)?
-7
What is 1 - (-5 - 0) - 1?
5
What is the value of -2 + -1 - (9 - 15)?
3
(3 + -2 - 0) + -1
0
What is the value of (7 - 1) + (-9 - 2)?
-5
1 + (-1 - 0) - (-431 + 434)
-3
Calculate -12 - (2 + (-9 - 0)).
-5
Calculate -3 + 2 + -1 + 3.
1
2 + 0 + (32 - 40)
-6
What is -2 + 9 + 8 + -7 - 5?
3
-3 + (2 - -4 - 5)
-2
Evaluate -1 + (0 + -6 - -7) + 7.
7
Calculate -11 + 3 - 3 - -8.
-3
What is 1 - (-3 + 5 + 4)?
-5
Evaluate (-4 - (2 + -1)) + 11 - 4.
2
Evaluate (-1 - 11) + (-11 - (4 + -20)).
-7
What is the value of -3 + (1 - 6) + (6 - 2)?
-4
What is -6 + -2 + -3 + 2 + 4?
-5
-1 + -6 - (48 + -54)
-1
3 - (4 - (6 - 3))
2
Evaluate 10 + -3 + -11 + 8.
4
What is the value of (4 - -2) + -5 + 4 - 4?
1
Evaluate (4 - 1) + -1 + -2 + 3.
3
What is the value of -9 - (-2 - -9 - 14)?
-2
9 + 3 + (30 - 39)
3
What is (2 - 16) + (18 - 14) + 1?
-9
Evaluate (4 - -1) + (-1 - (-12 - -11)).
5
What is the value of -6 + 4 + -1 - (9 + -7)?
-5
(-4 - (0 - 7)) + -15 + 4
-8
-3 + (1 + 2 - 4)
-4
What is -11 - -6 - (4 + -11 - 3)?
5
Calculate -4 + (-5 - -3 - -4) + 5.
3
Calculate (-5 - -9) + -2 + 1.
3
Calculate -3 - (-7 + 0 + 3) - 1.
0
76 + -75 + -2 + (0 - 1)
-2
What is the value of 4 - ((4 - 1) + -4 + 2)?
3
Evaluate 0 + (-1 + 4 - 1).
2
What is 3 + -1 + -2 - -5?
5
Calculate 0 - (4 + (-5 - -3) - 1).
-1
Calculate -3 + (-1 + 3 - 0).
-1
Evaluate -9 + (-5 - (7 - 14) - 2).
-9
What is the value of 2 - ((-4 - -1) + 4)?
1
Evaluate 4 + (3 - 5) + -7.
-5
Evaluate (-15 + 2 - 5) + 5 + 5.
-8
Evaluate -10 + -2 - -2 - (-15 - -9).
-4
What is (-10 - 0) + 0 - (35 - 40)?
-5
What is (-5 - -10) + 1 + -2 + -2?
2
What is the value of 9 + -4 + -9 - -10?
6
Evaluate (4 - 6 - 0) + 4.
2
Evaluate (-12 - -16) + 0 + -1 + -4.
-1
1 + 0 + -3 + (-4 - -9)
3
Calculate (0 - -9) + (-13 + 3 - -7).
6
What is the value of 6 + -18 + (12 - 5)?
-5
What is the value of -4 + 7 + -4 + -2?
-3
What is -1 + (0 - 5) - -7?
1
What is 3 + -10 - (-7 + 1 + 3)?
-4
What is -7 - (-10 + -2 + 6)?
-1
2 + (1 - 3) - 2
-2
Calculate 8 + -1 + -16 + 17.
8
(5 + 0 - (17 - -1)) + 7
-6
Calculate 0 + 0 + -2 + -2.
-4
Calculate (8 - 24) + 8 - -4.
-4
Calculate (-2 - -2) + -2 + (-1 - 1).
-4
Evaluate -18 + 28 + (-5 - -2).
7
Calculate 7 + 2 - (4 - (8 + -7)).
6
3 + (18 + -19 - (-1 + 1))
2
What is 25 - 24 - (0 - (-5 - 0))?
-4
9 + 4 + -6 - 10
-3
Calculate 11 + -13 + -2 + 6.
2
Calculate -9 + 13 + -11 + 11.
4
Calculate 0 - 1 - (-3 + 1).
1
What is the value of 4 - (2 - (4 + -5 + 1))?
2
What is the value of -2 + -2 + 2 - -6?
4
What is the value of 0 + -2 + (-4 - -8)?
2
What is the value of -4 + 24 + (-7 - 5)?
8
What is the value of (-7 + 9 - (-2 + 2)) + 1?
3
Calculate 4 + 2 + 0 - 0.
6
-7 + 3 + (-2 - -4)
-2
Calculate 4 + (0 - -1 - 2).
3
What is 11 + 9 + -7 + -5 + -1?
7
What is 2 + (-5 - -6) + 6 + -12?
-3
(-3 - (1 - 1)) + 2
-1
What is the value of (4 - -1) + -1 + 1 + -4?
1
-8 + (3 - -1) - (-6 + 1)
1
What is (3 - 1 - 1) + (-4 - -1)?
-2
What is 0 + -9 + 9 - -4?
4
What is (-1 - -10) + (-12 - -8)?
5
What is (-5 + (9 - 2) - 5) + 1?
-2
0 + 0 - (2 + -3 + -3)
4
(-2 - -1) + -127 + 120
-8
What is the value of 2 + -6 + 12 + -2?
6
Calculate -9 - (5 - (-4 - -14)).
-4
6 - (6 + -3 + -1 + 10)
-6
What is (6 - (-2 + 1 + 2)) + -6?
-1
Calculate -56 - -56 - (3 - (-2 + 1)).
-4
What is 2 + -6 + 5 + 1?
2
Evaluate -5 + (2 - 0) - -6.
3
Calculate 11 + (-18 - -12) - (2 - 5).
8
What is the value of 5 - (2 + 3 + (25 - 21))?
-4
Evaluate 2 + -13 + 11 - (0 + -4).
4
4 - (2 + -1 - -4) - 1
-2
8 - (8 - (5 + -2)) - 7
-4
Evaluate 4 - 4 - (2 + 2 + -3).
-1
What is the value of 88 + -86 + (0 - 0) + 0?
2
(-1 - (-11 + 4)) + 3
9
What is -2 + (-10 - (12 + -17))?
-7
Calculate -7 + -13 + 8 + 14.
2
What is the value of 0 - (7 - 13) - 10?
-4
Evaluate -3 + 2 + -2 - -6.
3
(1 - ((-2 - -2) + -2)) + -1
2
What is the value of 10 - (-2 + -8 - -10)?
10
1 + (6 - 12) + 0
-5
Calculate -2 + 14 + -8 + -5.
-1
What is 2 - (8 + -2 + 2)?
-6
Calculate (21 - 6) + -8 + -14.
-7
Evaluate (-22 - -18) + 5 + 0 + -2.
-1
What is -8 + 14 + -14 - 1?
-9
Evaluate 6 + -3 + 9 + -10 + -1.
1
Evaluate 6 + -3 + -1 + 1.
3
-4 + (-3 + 0 - -1 - -5)
-1
Calculate (2 - (0 - -1)) + (3 - 3).
1
Evaluate -1 + 2 + (-5 - -2).
-2
What is 5 + (-3 - -5 - 11) + 3?
-1
-5 - (-1 - (-1 + 3 - 1))
-3
Calculate -1 + 5 + -5 - 0.
-1
(-6 - -1) + (18 - 8)
5
What is -4 - -1 - -3 - 4 - -4?
0
Evaluate (2 - (-3 - -5)) + -3 + 0.
-3
What is (21 + -25 - (1 + -1)) + -1?
-5
-11 + 16 + (-3 - -2)
4
What is the value of (4 - 6) + (2 - -3)?
3
Evaluate (20 - 3) + (-12 - -1).
6
What is the value of (17 + -7 - (5 - -3)) + 5?
7
What is -3 + (7 - 2) + -5?
-3
(7 - (0 - -3)) + -8
-4
Evaluate -2 + -3 + -3 + 9 - 6.
-5
Evaluate 0 - ((-2 - -2) + -1 + -2).
3
-4 + (3 - (-3 - 2))
4
What is the value of (-19 + 10 - -15) + -1 + -1?
4
Evaluate -4 - ((-1 - -2) + 10 + -11).
-4
Calculate -6 + -2 + 4 + 5.
1
(5 - (-11 + 23)) + 4
-3
Evaluate 3 - (-4 - (-6 - 3)).
-2
Calculate (1 - 2 - -14) + -7.
6
(-8 - (-3 - 7)) + 1
3
What is the value of -2 - (5 + -1 + -8)?
2
Calculate (4 - -3) + 5 - 7.
5
What is the value of 14 + 7 + -14 + -8?
-1
What is the value of -7 + (5 - -2) + -5?
-5
What is the value of -3 + -5 - (13 - 13)?
-8
Calculate 6 + 5 + (6 - 8).
9
Calculate (-5 - (3 - 4) - -3) + -5.
-6
Calculate -5 + 0 + -69 + 69 - -1.
-4
What is -4 + 0 + 4 + 7 + -3?
4
What is -8 - -19 - (-2 - -7)?
6
What is 12 - (5 + -4 + 17)?
-6
What is the value of 3 + (0 + -5 - 2)?
-4
Evaluate -1 + 14 + (-12 - -5) - -2.
8
Calculate 10 - (0 + 10 - (-36 - -39)).
3
What is 2 - (1 - -3) - (1 + 2)?
-5
29 + -36 - (1 + 0 + -2)
-6
Calculate 7 - (5 + -1) - (-1 + 1).
3
What is the value of 1 - 2 - 0 -